?
7
What is the ten thousands digit of 41067530?
6
What is the thousands digit of 4332091802?
1
What is the ten millions digit of 42808528?
4
What is the hundred thousands digit of 1348557432?
5
What is the millions digit of 2139630905?
9
What is the millions digit of 237989572?
7
What is the ten thousands digit of 379998435?
9
What is the ten millions digit of 167815137?
6
What is the tens digit of 157424454?
5
What is the hundred millions digit of 191009000?
1
What is the ten millions digit of 2911562559?
1
What is the hundred millions digit of 3111063396?
1
What is the ten thousands digit of 35886442?
8
What is the ten millions digit of 8284612430?
8
What is the ten thousands digit of 264081845?
8
What is the thousands digit of 355283413?
3
What is the millions digit of 1340405?
1
What is the thousands digit of 529892238?
2
What is the hundred millions digit of 1693698890?
6
What is the tens digit of 28907742?
4
What is the hundreds digit of 9504423?
4
What is the thousands digit of 2772534772?
4
What is the ten millions digit of 60683243?
6
What is the billions digit of 1007248594?
1
What is the ten millions digit of 1991605897?
9
What is the hundred thousands digit of 61922358?
9
What is the units digit of 150175925?
5
What is the hundred millions digit of 300163394?
3
What is the hundreds digit of 1224602877?
8
What is the tens digit of 7425440218?
1
What is the thousands digit of 59165727?
5
What is the millions digit of 2239755390?
9
What is the tens digit of 80615150?
5
What is the billions digit of 4910875066?
4
What is the billions digit of 2141086362?
2
What is the hundred thousands digit of 28830261?
8
What is the ten thousands digit of 63275173?
7
What is the ten thousands digit of 1075127251?
2
What is the millions digit of 2686596400?
6
What is the hundreds digit of 66435576?
5
What is the hundred thousands digit of 352615514?
6
What is the hundred thousands digit of 47278700?
2
What is the thousands digit of 150444066?
4
What is the tens digit of 293543306?
0
What is the ten thousands digit of 2064395040?
9
What is the ten millions digit of 1610081655?
1
What is the billions digit of 2127486550?
2
What is the units digit of 1035086376?
6
What is the ten thousands digit of 4959095796?
9
What is the hundreds digit of 76111505?
5
What is the units digit of 318625036?
6
What is the units digit of 22130439?
9
What is the hundred millions digit of 4412260887?
4
What is the tens digit of 121257893?
9
What is the hundred thousands digit of 1377606356?
6
What is the units digit of 96906877?
7
What is the thousands digit of 724385678?
5
What is the hundred millions digit of 3962346105?
9
What is the ten thousands digit of 92357437?
5
What is the hundreds digit of 75961732?
7
What is the units digit of 1221492954?
4
What is the units digit of 2905486?
6
What is the hundred millions digit of 2185937497?
1
What is the units digit of 236873547?
7
What is the units digit of 5143427410?
0
What is the hundreds digit of 6879591?
5
What is the hundreds digit of 34814652?
6
What is the units digit of 415744735?
5
What is the ten millions digit of 35576622?
3
What is the tens digit of 2573142675?
7
What is the hundred thousands digit of 117613244?
6
What is the hundred thousands digit of 4170922270?
9
What is the units digit of 87881267?
7
What is the billions digit of 1065453117?
1
What is the hundred millions digit of 1659053137?
6
What is the hundred thousands digit of 3368564?
3
What is the thousands digit of 256838742?
8
What is the units digit of 90104573?
3
What is the millions digit of 5016436292?
6
What is the hundreds digit of 23128367?
3
What is the hundred millions digit of 153295595?
1
What is the hundred thousands digit of 112278439?
2
What is the units digit of 1253678?
8
What is the hundred millions digit of 454771206?
4
What is the units digit of 304977939?
9
What is the ten thousands digit of 2098439983?
3
What is the tens digit of 335630430?
3
What is the thousands digit of 1472485634?
5
What is the thousands digit of 50949372?
9
What is the hundred millions digit of 455977927?
4
What is the hundred millions digit of 1162088973?
1
What is the hundred millions digit of 580418877?
5
What is the billions digit of 1164764909?
1
What is the tens digit of 109513550?
5
What is the units digit of 809834773?
3
What is the millions digit of 130972817?
0
What is the hundred thousands digit of 66558290?
5
What is the billions digit of 2531184721?
2
What is the units digit of 50523034?
4
What is the units digit of 394104642?
2
What is the ten millions digit of 2792572260?
9
What is the units digit of 3378300?
0
What is the ten thousands digit of 772649041?
4
What is the millions digit of 1106641896?
6
What is the ten millions digit of 100865097?
0
What is the thousands digit of 32281940?
1
What is the tens digit of 46616293?
9
What is the units digit of 43075981?
1
What is the hundreds digit of 1045852?
8
What is the hundreds digit of 172030407?
4
What is the units digit of 56448761?
1
What is the thousands digit of 576457818?
7
What is the ten thousands digit of 591220075?
2
What is the units digit of 122067403?
3
What is the ten thousands digit of 87196735?
9
What is the hundred millions digit of 550260968?
5
What is the tens digit of 251254199?
9
What is the hundreds digit of 88046017?
0
What is the ten thousands digit of 423100782?
0
What is the millions digit of 82023190?
2
What is the thousands digit of 3457404669?
4
What is the millions digit of 2600766072?
0
What is the ten thousands digit of 52987461?
8
What is the millions digit of 1017525098?
7
What is the units digit of 135003427?
7
What is the thousands digit of 16886627?
6
What is the hundred thousands digit of 97991930?
9
What is the units digit of 40088140?
0
What is the hundred thousands digit of 95955849?
9
What is the hundreds digit of 510940798?
7
What is the tens digit of 660943348?
4
What is the hundred millions digit of 5456423578?
4
What is the millions digit of 233793996?
3
What is the thousands digit of 44079650?
9
What is the hundred millions digit of 247539231?
2
What is the tens digit of 2134176306?
0
What is the ten millions digit of 42928074?
4
What is the billions digit of 1292205864?
1
What is the ten millions digit of 1966300804?
6
What is the millions digit of 24624268?
4
What is the tens digit of 13854968?
6
What is the ten thousands digit of 546322192?
2
What is the units digit of 932879573?
3
What is the units digit of 98507456?
6
What is the hundreds digit of 342850953?
9
What is the tens digit of 3682158320?
2
What is the ten thousands digit of 366397565?
9
What is the units digit of 503984129?
9
What is the ten millions digit of 1876282805?
7
What is the millions digit of 295643757?
5
What is the ten millions digit of 47500509?
4
What is the hundreds digit of 2251103931?
9
What is the ten thousands digit of 327128037?
2
What is the ten millions digit of 810732866?
1
What is the tens digit of 286476332?
3
What is the units digit of 66849195?
5
What is the hundred thousands digit of 411244380?
2
What is the millions digit of 8173158?
8
What is the hundred millions digit of 527581101?
5
What is the hundred millions digit of 6420664866?
4
What is the units digit of 40249291?
1
What is the ten millions digit of 60211414?
6
What is the ten millions digit of 153678713?
5
What is the hundred millions digit of 2780775694?
7
What is the tens digit of 103501852?
5
What is the hundred thousands digit of 49118682?
1
What is the hundred millions digit of 2425888374?
4
What is the hundreds digit of 4295261073?
0
What is the thousands digit of 26381101?
1
What is the tens digit of 444459160?
6
What is the hundred millions digit of 689082452?
6
What is the hundred thousands digit of 550474929?
4
What is the tens digit of 7374207427?
2
What is the ten millions digit of 45121431?
4
What is the units digit of 15219677?
7
What is the tens digit of 3640482746?
4
What is the hundred millions digit of 122569038?
1
What is the millions digit of 124450140?
4
What is the ten millions digit of 218775204?
1
What is the billions digit of 1631241401?
1
What is the ten thousands digit of 182081578?
8
What is the hundreds digit of 44154743?
7
What is the hundred thousands digit 